5*p - 19 = 2*g + 2*g. Let b = -8 + p. Calculate y(b).
-13
Suppose -4*w + 120 = 8*w. Let q(j) = -6*j + 56. Let s be q(w). Let k(n) = -n**3 - 2*n**2 + 3*n - 5. What is k(s)?
15
Let g(h) be the first derivative of h**3/3 - 11*h**2/2 - 6*h + 418. Give g(10).
-16
Let q(l) = 5*l. Let h be (-8)/(-10) - 1134/405. Determine q(h).
-10
Let i(c) = c + 3. Suppose -3*z = -12 - 96. Suppose 5*o = -2*s + 24, 4*o = 2*s + 2*s + z. What is i(o)?
9
Let j(f) = -f**3 - 3*f**2 - 2*f - 2. Let o be 3 + (-18)/(21/7). Determine j(o).
4
Let n be -3 + 3/5 + 6/15. Let a(s) = s - 1. Let d(c) = c - 1. Let t(w) = n*d(w) + 3*a(w). What is t(-5)?
-6
Suppose -2*f = -5*f + 3. Let m(s) = 0*s + s**3 + s - 2 + 1. Let p(b) = -4*b**2 - 4*b - 3. Let c(u) = f*p(u) + m(u). What is c(5)?
6
Suppose h = -3*h. Let q = h - 0. Let v(g) be the second derivative of -g**3/6 - 4*g**2 - g. Give v(q).
-8
Let v(p) = 2*p + 3. Let h be v(1). Suppose h*i + 4 = 3*d - 2*d, 0 = -i + 3*d - 12. Let t(c) = -3*c**2 + c + 6*c**2 - 2*c**2 - 19. Calculate t(i).
-19
Let g be ((-46)/(-115))/((-2)/10). Let q = 14 - 11. Let x(j) = 4*j**2 + j**3 - 1 - 1 - q*j**2 - j. What is x(g)?
-4
Let j(w) = 4*w + 28. Let v be j(0). Let d(m) = -12 - m - m**3 - 16 + v. What is d(0)?
0
Let v(w) = -1 + w**2 + 9 + 8*w - 5 + 3*w - 3*w. Give v(-8).
3
Suppose -7*s = -s + 24. Let a(j) = j**3 + 3*j**2 - 5*j - 6. Determine a(s).
-2
Let q(v) = v**2 + 8*v + 5. Let x(g) = g**3 + 4*g**2 - 4*g - 2. Let s be x(-4). Let a = -11 + s. Let h be (a/6 - 2)*4. Give q(h).
-7
Let h(j) = -9*j**2 - 23*j + 15. Let b be (-2)/(-14) - 936/84. Let m(w) = -5*w**2 - 12*w + 8. Let z(d) = b*m(d) + 6*h(d). Let r = 2 - -4. Give z(r).
2
Let b(s) = -3*s + 7*s - s**2 + 3*s - 2 + 1. Give b(7).
-1
Let t(c) = -3*c**2 - 20*c - 2. Let j(h) = 7*h**2 + 41*h + 3. Let y(p) = -4*j(p) - 9*t(p). Calculate y(16).
6
Let z(k) = 6*k + 6. Let n(m) = -5*m - 5. Let b(a) = 5*n(a) + 4*z(a). Suppose -21 = 5*r - r - c, -3*r - 3*c = -3. Determine b(r).
3
Let k(l) = l**2 - 9*l + 2. Suppose -2*a - 3*m - m = -18, -4*a + 36 = 3*m. Let w be k(a). Let q(n) = 0*n**3 + 3*n**3 - 2*n - w*n**3. What is q(-2)?
-4
Let f(b) be the first derivative of b**2 + 9*b + 55. Give f(-4).
1
Let b(h) = -4*h**3 + 9*h**2 + 8*h - 4. Let c(z) = 5*z**3 - 10*z**2 - 8*z + 4. Let r(n) = 4*b(n) + 3*c(n). Determine r(7).
3
Let v(t) = t - 2. Let q = 74 + -47. Let r = 28 - q. Calculate v(r).
-1
Suppose 3*t - 4*h - 1 = 3, 5*t = -2*h - 2. Suppose 0*u + u + v - 1 = 0, 3*v + 3 = t. Let n(m) = 0 + 0*m**2 - 4 + 3*m**u - 2*m**2 - 5*m. Calculate n(5).
-4
Suppose -33*z + 12 = 243. Let d(u) = -4*u**3 - 27*u**2 + 5*u - 5. Give d(z).
9
Let l be 10/(-2 - -3)*4/10. Let t(q) = 2*q + l*q - 4*q. Calculate t(-2).
-4
Let q(a) = -3*a - 5. Let w(z) = -3*z - 4. Let x(l) = -3*q(l) + 4*w(l). Let c = 30 + -33. Give x(c).
8
Let b(p) = 25 + 28*p - 19 - 23*p + 39. Calculate b(-10).
-5
Suppose -3*f + f - 6 = b, -4 = 4*b + 4*f. Let g(m) = -m**2 + 8*m - 6. Calculate g(b).
10
Let r = -1015 - -1017. Let v(b) be the third derivative of 0*b**4 + 0*b**3 - 1/12*b**5 + 0 + 0*b - r*b**2. Give v(-1).
-5
Let l = 1378 + -1375. Let v(g) be the second derivative of 2*g + g**2 - 1/6*g**3 + 0. Calculate v(l).
-1
Let d(y) = 5*y + 34 - 9*y**2 + 41 - 81 + 10*y**2. Suppose -6 = 2*s + s. Let g = -8 - s. Give d(g).
0
Let n(a) be the third derivative of -a**6/60 - a**5/60 - a**4/24 + a**3/6 - 7*a**2 - 8*a. Determine n(1).
-3
Suppose z - 3*f = 4 + 29, 2*f = -2. Suppose -2*j - 5*k = z, 6 + 0 = -2*j + k. Let n(x) = 2*x + 5. Give n(j).
-5
Let o = -316 - -318. Let s(f) = f**2 + 3*f - 1. Calculate s(o).
9
Let a(h) = 11*h - 1. Let z be (11 - 1)*(-29)/145. Give a(z).
-23
Let w(h) = h**3 + 5*h**2 - 7. Suppose 0 = 2*l - 5*f + 19 + 6, 2*f - 10 = -4*l. Suppose -16 = 4*v - l*v + 2*b, -2*b + 29 = -5*v. Give w(v).
-7
Let r(y) = -y**2 + y - 53 + 3*y + 56 - 5*y. Let z(j) = j**2 - 4. Let s(l) = 3*r(l) + 2*z(l). Determine s(-4).
-3
Let v(k) be the first derivative of -k**2/2 - 3*k - 303. Suppose -2*b + 7 - 17 = 0. Calculate v(b).
2
Let v(u) be the second derivative of u**4/6 + 2*u**3/3 + u**2/2 + u + 4. What is v(-5)?
31
Suppose r + 0*r = -3*d + 18, -3*d - 2*r + 21 = 0. Let b(w) = 1 - 13*w - d*w + 14*w. Calculate b(3).
-11
Suppose 505*u = 499*u + 12. Let a(s) = -s**2 + 3*s - 2. Calculate a(u).
0
Let w(n) = -2*n**2 + 21*n - 19. Let c = 121 - 110. Let f(i) = -i**2 + 11*i - 10. Let a(o) = c*f(o) - 6*w(o). Determine a(4).
0
Let f(a) = 9*a**3 - 2*a**2 + 2*a - 1. Let j = 26 + -29. Let v = -2 - j. Calculate f(v).
8
Let a(z) = -z + 2. Suppose -w + 5*d + 16 = 2*w, 2*w - 10 = 3*d. Let o be 6*w*(0 - (-1)/2). Calculate a(o).
-4
Let r be 4/(-32) - 243/(-24). Suppose -39 = r*b - 9. Let y(v) = -v**2 - 3*v - 3. What is y(b)?
-3
Let g(o) = -3*o**3 - o**2 + 2*o - 1. Let r be g(1). Let k(j) be the first derivative of j**2/2 - 455. Calculate k(r).
-3
Let r = -7 + 8. Let m be (48/(-21) - r) + (-6)/(-21). Let k(a) = a**2 - a. Determine k(m).
12
Let f = -349 - -354. Let n(l) = l**3 - 3*l**2 - 5*l - 2. Calculate n(f).
23
Suppose -2*o - 5 = -c, 5*c + 2*o = 36 - 11. Let m = 4 - c. Let r(a) = 1 - 2 + 2 + 4*a. What is r(m)?
-3
Let k(n) = -8*n - 2. Let g(z) = -2*z**2 + 22*z + 119. Let l be g(15). What is k(l)?
6
Let l(a) = -a**3 - 6*a**2 + 7*a + 3. Suppose 0 = -4*n - 773 + 749. What is l(n)?
-39
Let n(b) = -b**3 + 7*b**2 - b - 3. Let w be 9/2*(-144)/27. Let z = 26 + w. Suppose z*g - 5 = -u - 0*g, -4*g = u - 3. Determine n(u).
-10
Suppose 8*w = -4*k + 11*w - 45, -5*k = -3*w + 57. Let i(y) = -y - 16. Give i(k).
-4
Suppose -3*k + h + 69 = 0, 4*k - 36 = 2*k + 4*h. Let d = 26 - k. Suppose 0 = d*c - 1 + 11. Let x(f) = f - 4. What is x(c)?
-9
Let i = -378 + 373. Let g(k) be the second derivative of k**5/20 + 5*k**4/12 + k**3/3 + 3*k**2/2 + 2*k. Give g(i).
-7
Let y(j) = 7*j - 20. Let f(x) = x**2 - x. Let z(d) = -3*f(d) + y(d). Let n(g) = 2*g**2 - 5*g + 10. Let p(l) = -5*n(l) - 3*z(l). Calculate p(-7).
-4
Suppose 3*b + d - 5 = 0, 20*b = 23*b + 5*d + 11. Let k(l) be the third derivative of l**5/60 - l**3/3 + l**2. Determine k(b).
7
Let f be 99/396*(3 + 1). Let l(z) = -51*z**2 + 1. Give l(f).
-50
Let i(q) = 3*q**3 + 8*q**2 + 5*q - 3. Let m be i(-2). Let h(u) = 3*u - 5. What is h(m)?
-20
Let o(p) = 11*p + 1. Let f(a) = 57*a - 27. Let g(x) = -2*f(x) + 10*o(x). What is g(14)?
8
Let h be (-51)/(-18) + 2/12. Let m(w) be the second derivative of -5*w**3/6 - w**2 - 3*w + 9. Determine m(h).
-17
Let s(a) = -a**3 + 4*a**2 - a + 7. Let g be s(4). Let t be g - ((0 - 5) + 0). Suppose f - w + 5 = 0, t = -4*f + w - 3. Let h(d) = -d**2 - d - 2. Determine h(f).
-4
Let v(w) = -4*w - 54. Let g(y) = -6*y - 106. Let o(q) = 3*g(q) - 5*v(q). Calculate o(25).
2
Let x(a) be the second derivative of a**4/2 - 23*a**2/2 - 20*a. Let i(r) be the first derivative of x(r). What is i(-1)?
-12
Suppose -6*m = -4*m - 22. Let l(u) = u**3 - 12*u**2 + 10*u + 4. Let z be l(m). Let g(c) = -10 + 0*c**2 - 7*c + c**2 - 6*c**2 + 4*c**2. Determine g(z).
-10
Let y be (-6)/(-4)*4/6. Let h(o) = 7 + 578*o**2 + o**3 - 6 - 579*o**2 - o. Let k(b) = 3*b**3 + 4*b**2 + 3*b + 9. Let a(p) = y*k(p) - 2*h(p). Give a(-5).
7
Let m(l) be the second derivative of l**4/12 + 3*l**3/2 - l**2 - 472*l. Give m(-5).
-22
Let n(l) be the second derivative of -l**5/20 - 5*l**4/6 + 5*l**3/3 + 5*l**2 - 2*l + 94. Give n(-11).
21
Let a = 700 + -708. Let v(w) = -3*w - 18. Determine v(a).
6
Let s(k) = -3*k**2 + 19 - 13*k - 1 + 4*k**2. Let l be (-308)/(-26) - 16/104*-1. What is s(l)?
6
Let g(b) = -b**3 - 3*b**2 - 4*b - 3. Let z be g(-2). Let w be (-1)/(2*1/(-2)). Let y = w - z. Let x(k) = -k**3 - k + 8. Calculate x(y).
8
Let j(k) = 3*k**2 + 5*k + 2. Let z(v) = -8*v**2 - 10*v - 6. Let h(i) = -5*j(i) - 2*z(i). Give h(5).
2
Let b(x) be the first derivative of -x**3/3 + 9*x**2/2 - 5*x + 86. Determine b(4).
15
Let c(m) be the second derivative of 5*m**3/6 - 7*m**2/2 + 253*m. What is c(5)?
18
Suppose -59*v - 16*v = 0. Let b(l) = -2*l + 7. Give b(v).
7
Let r(o) be the second derivative of o + 1/2*o**2 + 0 + 1/3*o**3. Suppose 0 = 2*d + 78 - 84. Determine r(d).
7
Let a be ((-186)/(-18))/((-1)/(-6)). Let j(m) = -m**3 + 6*m**3 + 63 - a + 2*m. Calculate j(-1).
-6
Let q(t) = -95*t**2 - 1 + 48*t**2 + t + 46*t**2. Let m(k) = 2*k**2 - 5*k. Let v(y) = -m(y) - q(y). Give v(3).
4
Let v(j) = -3*j - 4. Let b(d) = d - 1. Suppose -t + 22 =